 44?
44
Suppose 4*c - 3*z = 20, -4*z = -2*c - 5 + 15. Suppose g - 3 = 0, c*o + 4*g = 3*g + 228. What is the greatest common divisor of o and 18?
9
Let c = -2983 - -3945. Calculate the highest common factor of 78 and c.
26
Suppose 300 = -2*d + 5*d. Let x = 8541 - 8501. What is the highest common divisor of d and x?
20
Let n = 225 - 133. Let i = n - 20. Suppose 5*t + 13 = p, 0*t = 4*p + t - 73. Calculate the greatest common divisor of i and p.
18
Suppose 2*y - n + 0 = 11, -3*y + 4*n = -24. Let b be (39 + 3)/(2/y). Calculate the highest common factor of 36 and b.
12
Let s = -381 + 1569. Suppose 408 = 60*k - 1975 + 403. What is the highest common divisor of s and k?
33
Let a be (-10)/(4 - (-6910)/(-1725)). Suppose -6*t + t + 2*w = 1739, 0 = 5*t + 5*w + a. Let g = -235 - t. Calculate the highest common factor of 16 and g.
16
Let t be (2/4)/((-1)/18*-1). Suppose -4*s + t*s - 10 = 0. Suppose -s*x + 76 = -86. Calculate the highest common divisor of 9 and x.
9
Let a = 2341 - 2337. Calculate the highest common divisor of 5 and a.
1
Suppose 44*t - 45423 = -103*t. What is the highest common factor of t and 18?
3
Let x = -33012 + 33078. Let l = 219 + 144. Calculate the greatest common divisor of x and l.
33
Suppose 105 = -g - 2*g. Let v be 10/g + (-5142)/(-14) + 1. Suppose 4*u - 5*t = 378, -3*t - 98 - v = -5*u. Calculate the greatest common factor of u and 230.
46
Let n(f) = -f**2 + 28*f - 150. Let p be n(12). Let z(u) = -59*u**3 - 2*u**2 + 2*u + 2. Let c be z(-2). What is the greatest common factor of p and c?
42
Suppose 0 = 2*r - 3*s - 74, 447*r - 34 = 446*r + 3*s. What is the greatest common divisor of r and 19480?
40
Let l = -2103 - -2331. What is the greatest common divisor of 120 and l?
12
Suppose -416*b + 94811 + 19173 = 0. What is the greatest common divisor of b and 3425?
137
Suppose 3*b - 91 = -2*r, 5*r - 527*b = -531*b + 224. Let i be (24/(-15))/(4/(-10)). Calculate the greatest common factor of r and i.
4
Let z(a) = -a**2 + 47*a - 71. Let l be z(46). Let c(u) = u**3 + 23*u**2 - 52*u - 42. Let r be c(l). What is the greatest common factor of r and 152?
8
Let g be (54/(-7))/(18/(-33147 + 9)). What is the highest common divisor of 18 and g?
18
Let x(a) = 5*a**2 + 108*a - 660. Let d be x(6). Calculate the greatest common factor of d and 1232.
56
Let q(m) = -m**3 - 18*m**2 - 98*m - 81. Let a be q(-16). Calculate the greatest common divisor of a and 1521.
39
Suppose -4*s = -20 - 96. Let u be 646/(-17) + 34 - (-380 - 1). What is the greatest common divisor of u and s?
29
Suppose 4*k - 47242 = -5*w, -1152*w + 1153*w = k - 11797. Calculate the highest common factor of k and 11.
11
Let m = -3784 + 3804. What is the greatest common factor of m and 14280?
20
Suppose -117*j + 843809 + 1299893 = 141715. What is the highest common factor of 241 and j?
241
Suppose -5*j + 124 = -26. Let z be (-10)/(-12) - 13160/(-336). Calculate the greatest common divisor of j and z.
10
Let d be 1015/10*8/(-4)*1. Let g = d + 211. Calculate the highest common divisor of 56 and g.
8
Suppose 3*m = -3*w + 5997, -12*m + 6*m + 11997 = 5*w. Calculate the greatest common factor of m and 52.
26
Suppose 5*u - 870 = -5*w, -2*w + 4*u + 445 = 85. Calculate the greatest common factor of w and 869.
11
Suppose 7*d = 599 + 94. Let c = d - 87. Suppose 0 = -2*n + 7*n - 15. What is the greatest common factor of c and n?
3
Let z = -227 + 221. Let w be z/((-18)/25) + (-2)/6. What is the highest common divisor of w and 88?
8
Let w(q) = 6*q**2 - 7*q + 1. Let s(b) = -b**3 - 17*b**2 + 18*b + 3. Let y be s(-18). Let j be w(y). Calculate the greatest common divisor of j and 2.
2
Let i(s) = 2*s**2 - 2*s + 101. Let w be i(0). Let j = -66 + w. Suppose 2*t = 10 + 4. Calculate the highest common factor of j and t.
7
Let z be -3*(-10)/(-6)*4/(-20). Let j(i) = 0*i - 2 + 4*i + 0 + z. Let x be j(1). Calculate the highest common factor of x and 24.
3
Let y(f) = -13*f - 482. Let c be y(-38). Calculate the highest common factor of c and 87.
3
Suppose 21*j + 8367 = 22038. What is the highest common factor of 147 and j?
21
Let q be (-91)/(-3) - (-4)/(-12). Suppose 4*k + 1796 = 5*a, -4*a + 3*k = -1274 - 163. Suppose -131*s - a = -134*s. What is the highest common factor of s and q?
30
Let o(i) = i**3 - 9*i**2 - 10*i + 8. Let x be o(9). Let p = x - -132. Calculate the highest common factor of 20 and p.
10
Let v(p) = -p**3 - 18*p**2 + 14. Let s be v(-18). Let d be s/(-4)*1620/(-105). Calculate the highest common divisor of d and 378.
54
Let x = -15 + 19. Suppose 16 = -5*r + x*q + 122, -5*r = 4*q - 74. Suppose -5*o = -434 + 74. Calculate the highest common factor of r and o.
18
Let z(l) = l**2 + 8*l - 3. Let c be z(-8). Let m be (c + 3)*((-36)/(-8))/9. Let j be (m + 12 - 2) + -2. What is the highest common divisor of j and 4?
4
Let v = -881 + 986. Calculate the highest common factor of 120 and v.
15
Suppose 0 = 51*n - 58*n + 812. Let q = -109 + n. What is the highest common divisor of q and 2?
1
Let z be 7 - (6/3 - -7). Let n(p) = 6 - 4 + 4 - 3*p + 0. Let r be n(z). Calculate the greatest common divisor of r and 30.
6
Let b be -2*(4/(-16)*-26 - 2). Let p(j) = 5*j**2 + 38*j - 6. Let f be p(b). Calculate the greatest common factor of 133 and f.
19
Let w be 91/(-49) + 1 - (-223644)/42. Calculate the highest common divisor of w and 44.
44
Let k be 318/5 - (-63)/90*(-72)/(-126). What is the greatest common divisor of k and 4016?
16
Suppose 21*t = 39 - 165. Let m be 5*(t - -5)*-39. Calculate the greatest common factor of m and 5.
5
Let d(q) = -4*q - 1. Let b be d(-2). Suppose n = -b*n + 672. What is the greatest common divisor of 36 and n?
12
Let o(v) = -16*v - 2. Let p = -78 + 56. Let u = p + 20. Let h be o(u). What is the highest common divisor of 10 and h?
10
Let s(p) = 176*p**2 + 2*p - 1. Let k be s(-2). Let f = -647 + k. What is the highest common divisor of f and 286?
26
Let v be 261 - (-5)/(-11 - -12). Calculate the highest common divisor of v and 448.
14
Suppose 0 = 11*y - 16*y + 15. Suppose 3*c - y - 22 = 2*a, 0 = 4*c + 5*a + 5. Calculate the highest common factor of 45 and c.
5
Suppose 1114 = 3*w + 64*s - 62*s, w + 6*s = 398. Calculate the greatest common factor of 1242 and w.
46
Let v be ((-1702)/(-115))/(1/(-5)). Let k = v - -64. Let f be (-276)/(-115)*k/(-3). Calculate the greatest common divisor of 24 and f.
8
Let z = 223 - 155. Suppose 4*h - z = 3*u + u, 31 = 2*h - 3*u. Calculate the highest common factor of 80 and h.
20
Let j = 54 + -50. Suppose j*t + 0*t - 20 = 0. Let h = -129 - -134. What is the highest common factor of h and t?
5
Let s(v) = -v**3 + 14*v**2 - 40*v - 18. Let t be s(6). What is the highest common divisor of 1190 and t?
10
Let l(p) = 58*p**3 - 4*p**2 + 5*p - 1. Let r be l(1). What is the greatest common factor of 1450 and r?
58
Suppose a + 120 = g, 4*g + 5*a - 4 - 440 = 0. Suppose 74*u = 78*u - 4*i - 92, u + 5*i = 59. Calculate the highest common factor of g and u.
29
Let i be 20/(-340) - (-1090)/34. Calculate the highest common factor of i and 14128.
16
Let b be (-112)/(-84)*(-18)/8 - -124. Calculate the highest common factor of b and 7381.
121
Let p(b) = -b**3 + 6*b**2 - 16*b + 44. Let z(g) = -g**3 + 12*g**2 - 11*g + 4. Let f be z(11). Let a be p(f). Calculate the highest common divisor of 384 and a.
12
Let c = -30 + 34. Suppose -4*h - 12 = c*d, -7*h + 4*h + 3*d = -15. Let y be h*4*(4 - -17). What is the highest common factor of y and 12?
12
Let b = -117 + 125. Let z = 16 - b. What is the greatest common factor of z and 8?
8
Suppose -5*n + 620 = 4*t, 5*t - 281 = -5*n + 334. Calculate the greatest common factor of n and 8640.
64
Suppose -3*v = -8*v + 10. Let k be (-3354)/903*(9/6 - 5). Calculate the greatest common factor of v and k.
1
Suppose b = 4502 - 4483. Suppose 3*w = -5*l + 120, 11 = w - 3*l - 15. Suppose 5*t - w = 60. Calculate the greatest common divisor of b and t.
19
Suppose 5*k - k - p = 2350, -6 = -3*p. What is the highest common factor of 168 and k?
84
Suppose 0 = -2*b - 2*n + 65 + 35, 3*b - 154 = -2*n. Calculate the highest common divisor of 16 and b.
2
Let c be 4 - (-207)/(18/(-6)). Let b = c - -68. Suppose x - m = 28, -b*x = -4*x + 2*m + 30. What is the greatest common factor of 65 and x?
13
Let j be (11/(22/342))/(-1). Let f be ((-5244)/j)/(2/3). What is the greatest commo